r of b and u.
2
Suppose -7*c + 23*c = 48. Let n(a) = a**2 + 2*a + 2. Let h be n(c). Calculate the highest common factor of h and 34.
17
Let v = 8 - -42. Let z(w) = -14*w - 9. Let i be z(-6). Calculate the greatest common divisor of i and v.
25
Let x be 3150/27 - (3 + (-50)/15). Calculate the greatest common divisor of x and 1794.
39
Let t = -72 + 78. Let l(p) = -p**3 + 6*p**2 - 3*p. Let i = 10 + -7. Let c be l(i). Calculate the greatest common divisor of c and t.
6
Suppose -1407 = -2*o + p, -6*p = 3*o - 10*p - 2108. Calculate the highest common factor of 22 and o.
22
Let d be -15 - -21 - 16/((-2)/(-2)). Let z = 2 + 2. Let m be ((-45)/d - z)*726. Calculate the greatest common divisor of m and 33.
33
Suppose 39 = 11*t + 2*t. What is the highest common divisor of 159 and t?
3
Suppose -2*k + 184 = -4*m - 84, -4*k = 5*m - 575. Let d(o) = o**2 - 1. Let v be d(-6). What is the greatest common factor of v and k?
35
Let y be (-760)/(-18) + 58/(-261). Calculate the greatest common divisor of 30 and y.
6
Suppose 10247 = 31*j + 3768. Calculate the greatest common factor of j and 77.
11
Suppose 2*v - 92 = -2*r, 5*v + 3*r = 6*r + 246. Suppose -v = 2*n - 5*n. What is the greatest common divisor of 160 and n?
16
Let w = -3 - -2. Let r(c) = 0 - 19*c**3 - 1 + 2*c**2 + 6*c**3. Let h be r(w). What is the highest common factor of 14 and h?
14
Suppose -2*v - 5*b + 37 = 0, -2*v = 2*b + b - 31. Calculate the greatest common divisor of v and 88.
11
Let j(l) = -2*l**3 + 48*l**2 + 2. Let k be j(24). Suppose 4 - 20 = -h. What is the highest common factor of k and h?
2
Let o = 60 + -27. Suppose o = -f + 4*f. Let j = -31 + 75. Calculate the highest common divisor of j and f.
11
Let n be ((-32)/12)/(-1 - 1/(-3)). Let q be (-2)/((-2 - 179/(-90))*n). What is the highest common factor of 30 and q?
15
Let x = 12 - 6. Let f(d) = d**2 + 44*d - 291. Let r be f(7). Calculate the highest common divisor of x and r.
6
Suppose 2*m - 218 = -2*d, 3*m - 318 = -4*d + 6. What is the highest common factor of m and 16?
16
Suppose 0 = -3*y + 5*q + 124, -2*y - 660 = -q - 738. Let b be ((-1)/3 - -1)*114. What is the greatest common divisor of y and b?
38
Let l = 1012 + -1008. Let r(n) = n + 1. Let p(w) = -w**2 + w - 2. Let m(u) = -p(u) + 4*r(u). Let y be m(-4). Calculate the highest common divisor of y and l.
2
Let d be (149 + -20)/(-3*2/(-8)). Suppose 3*c - c = -4*y - 344, 0 = -4*y - c - 348. Let p = d + y. Calculate the highest common divisor of 12 and p.
12
Let s = -23 - -20. Let d = s - -24. Calculate the highest common factor of 189 and d.
21
Let c = 26 - 13. Suppose 4*k - k - 15 = 0, -g + 3*k - c = 0. Suppose -g*v = 4*w, 4*w - w + 33 = 4*v. Calculate the highest common divisor of 2 and v.
2
Let j = 5 - -8. Let b(q) = 2*q**2 - 15*q + 11. Let v be b(j). What is the highest common factor of 22 and v?
22
Let o = -60 - 33. Let s = 69 - o. Calculate the greatest common factor of s and 18.
18
Suppose -45 = -j + 26. Suppose -41 - j = -g. What is the greatest common divisor of 7 and g?
7
Let c be (1/1)/(5/10). Suppose -102 = c*f - 8*f. What is the greatest common factor of f and 85?
17
Suppose l = 3*l + 5*q + 12, 2 = 2*l - 2*q. Let k be l + (-50)/(-6) - (-1)/(-3). What is the greatest common divisor of k and 7?
7
Let u = 59 - -6. Suppose 5*y - 145 = -5*r, -r + 139 = 4*r + 2*y. Let x be 642/r - (-4)/18 - -2. Calculate the highest common divisor of u and x.
13
Let y(w) = w**2 + 27*w - 44. Let b be y(-26). Let g be (-56)/(-196) - 5/(b/108). Calculate the highest common divisor of g and 36.
4
Suppose 0 = -3*v - 2*v. Suppose v*z = 3*z - 30. Calculate the greatest common divisor of 20 and z.
10
Suppose 0*s = -2*s - 250. Let d be (3/4)/(-2 - s/60). Calculate the greatest common factor of 1 and d.
1
Let d(t) = -49*t - 88. Let l be d(-2). Calculate the highest common divisor of l and 70.
10
Suppose 0 = -50*a + 55*a - 70. What is the greatest common divisor of a and 1190?
14
Let f be (6/(-2)*-1)/((-12)/(-56)). Let x(o) = 3*o - 33. Let n be x(f). Calculate the greatest common divisor of n and 3.
3
Let n = -65 + 91. Let q = -76 - -44. Let z = 97 + q. What is the highest common factor of n and z?
13
Let c be (-6 - -5)/(-1 - 36/(-42)). Calculate the highest common factor of c and 14.
7
Let s = -17 - -19. Suppose 2*k = -2*k. Let o be 1 - (k + 3) - -6. Calculate the greatest common divisor of o and s.
2
Suppose 2*m - 46 = -3*d, 2*m - 4 = -2*d + 28. Let o be (4 + 0)/(d/21). Calculate the greatest common divisor of o and 6.
6
Let a(c) = 5*c. Let l be a(1). Suppose 3*v + 88 = l*v. Suppose 4*r = -3*g + v, g + 5*r = 3*g - 14. Calculate the highest common factor of 60 and g.
12
Suppose -3*m + 5*y + 46 = 0, 0 = 5*m - 73*y + 68*y - 70. Calculate the highest common divisor of m and 306.
6
Suppose 2*s - 43 = -3*h, -39 = 3*s - 5*s + h. Calculate the greatest common factor of s and 1180.
20
Let j be 10*((-6)/(-16))/((-3)/(-4)). Suppose 0 = j*f - 0*f + t - 109, -20 = -5*t. What is the greatest common factor of f and 14?
7
Let b be (-281)/(-2) - 1/2. Let s = 2665 + -2645. What is the highest common divisor of s and b?
20
Let o(c) = -12*c - 15. Let v(u) = 13*u + 16. Let s(a) = 5*o(a) + 4*v(a). Let p be s(-3). Calculate the highest common factor of p and 13.
13
Let j = 42 + -66. Let s = j - -39. What is the highest common divisor of s and 5?
5
Suppose -3*p + 74 = 2*q + 2*q, p = 5*q + 31. Let o = 14 - -25. Calculate the greatest common divisor of p and o.
13
Let h(d) = 136*d. Let a be h(1). Let r be 1/(a/44 + -3). Let t be (11/2)/(3/66). Calculate the highest common factor of t and r.
11
Let t be (-5)/(60/(-16))*3. Suppose 0 = t*k - 1287 + 471. Suppose -5*h - 2*p = -k, 0 = -3*h + 4*h - 4*p - 54. Calculate the highest common factor of h and 6.
6
Let b(p) = -p**2 + 6*p - 4. Let k be b(5). Let y be 0 + k + 3 + 0. Suppose -y*c + 48 = -92. Calculate the greatest common divisor of c and 5.
5
Suppose 0 = -3*r - 5*j + 175, 3*j - 7*j = -3*r + 157. Suppose -54*i - 341 = -85*i. What is the highest common divisor of r and i?
11
Let i = 6127 + -6108. Suppose 4*h = -5*f - 380, 2*h + 2*h = 0. Let s = f + 133. Calculate the greatest common divisor of i and s.
19
Let l = 861 + -787. Calculate the greatest common factor of 851 and l.
37
Let n = 345 + -338. Let a = -37 - -65. What is the highest common divisor of a and n?
7
Let a be 156/10 - 6/(-15). Suppose 4*u - a = 0, -38 - 54 = -2*c - u. Let j be (0 - -220)/((-56)/(-28)). What is the highest common divisor of c and j?
22
Let j = -12 + 38. Suppose 94 = 2*d - j. Suppose 5*m - d = 55. Calculate the highest common divisor of 207 and m.
23
Suppose -48041 = -59*s - 17656. Calculate the greatest common factor of 412 and s.
103
Let q = -45 - -31. Let i be (3/(-15)*q)/(2/70). Calculate the greatest common divisor of 14 and i.
14
Let c = 75 + -47. Calculate the highest common factor of 168 and c.
28
Suppose -q = -2*j - 10 + 23, 25 = 5*q. What is the highest common factor of j and 21?
3
Let n be (7/42*-6)/(2/(-208)). Calculate the greatest common divisor of n and 962.
26
Let h be 7 + 612/(-10)*(-10)/6. Calculate the highest common divisor of h and 2507.
109
Let h = -33 - 10. Let v = -26 - h. What is the highest common divisor of v and 34?
17
Let y = -9 - -6. Let a = 7 + y. Let u be (11 - a) + (1 - -1). Calculate the greatest common divisor of 6 and u.
3
Let l = -140 + 200. Suppose -9 = -6*q + 5*q. Let h be 362/q + (-2)/9. What is the highest common factor of l and h?
20
Let a(c) = 26 + c**2 + c + 25 - 38. Let b be a(6). Calculate the greatest common divisor of b and 5.
5
Let x = -162 - -292. Calculate the highest common divisor of x and 20.
10
Suppose -m + 3*x + 282 = 0, 2*x = -4*m - x + 1188. What is the highest common factor of m and 12?
6
Let v = -9 + 20. Let w(c) = 16*c**2 - 128*c + 1. Let s be w(8). What is the highest common divisor of v and s?
1
Let u be 5112/22 - 28/77. What is the highest common factor of u and 12?
4
Let d(z) = -z**2 - 16*z + 20. Let q be d(-17). Suppose -r + 269 = s, 2*r + q*s = -2*r + 1080. Calculate the greatest common factor of 21 and r.
21
Let u(y) = -y**2 + 5*y + 39. Let h be u(0). Calculate the highest common divisor of h and 15.
3
Let d be 203/21*6/2. Calculate the highest common divisor of d and 319.
29
Let n(c) = c**3 - 18*c**2 - 17*c - 26. Let w be n(19). What is t